{"id":141,"date":"2016-05-07T22:36:26","date_gmt":"2016-05-07T20:36:26","guid":{"rendered":"http:\/\/gemeinwohlyoga.de\/?page_id=141"},"modified":"2024-04-04T22:26:05","modified_gmt":"2024-04-04T20:26:05","slug":"fernsehserien-broschueren","status":"publish","type":"page","link":"http:\/\/gemeinwohlyoga.de\/index.php\/veroeffentlichungen\/fernsehserien-broschueren\/","title":{"rendered":"B\u00fccher, Fernsehserien, Brosch\u00fcren"},"content":{"rendered":"\n<p><\/p>\n\n\n\n<p><\/p>\n\n\n<h2>\u00a0<\/h2>\n<h2>Pilgerbriefe<\/h2>\n<ol>\n<li>Jakobsweg <strong>Via Regi<\/strong>a <strong>1. Teil<\/strong>: Von G\u00f6rlitz nach Erfurt vom 5.7.- 29.7.2020. <br \/>24 Pilgerbriefe w\u00e4hrend der Reise.<\/li>\n<li>Jakobsweg <strong>Via Regia 2. Teil<\/strong>: Von Erfurt nach Eisenach vom 8.9. &#8211; 22.9.2020.<br \/>12 Pilgerbriefe w\u00e4hrend der Reise.<\/li>\n<li>Jakobsweg <strong>Camino Catalan\/Spanien<\/strong>: Von Barcelona nach Zaragoza vom 6.4. &#8211; 5.5.2023.<br \/>24 Pilgerbriefe w\u00e4hrend der Reise.<\/li>\n<li>Jakobsweg <strong>Via Podiensis\/Frankreich 1.Teil<\/strong>: von Le Puy-en-Velay nach Miossac vom 29.8. &#8211; 2.10.2023.<br \/>Pilgernachlese in f\u00fcnf Teilen.<\/li>\n<\/ol>\n<h2>B\u00fccher<\/h2>\n<ol>\n<li>Auf dem Jakobsweg &#8211; Eine Pilgerreise in die Zukunft, Selbstverlag, 2020<br \/>(vom 13.6.2019 &#8211; 22.7.2019 : Bayonne &#8211; Santiago de Compostella &#8211; Muxia)<br \/>Das Buch ist f\u00fcr 14.80 Euro erh\u00e4ltlich bei: Gemeinwohlverlag Ulrich Fritsch, <a href=\"mailto:ulrich.fritsch@gmx.de\">ulrich.fritsch@gmx.de<\/a>.\n<ol>\n<li><a href=\"http:\/\/gemeinwohlyoga.de\/wp-content\/uploads\/2024\/04\/Textauszug1.pdf\" target=\"_blank\" rel=\"noopener\">Textauszug &#8211; Durchs ungez\u00e4hmte Baskenland<\/a><\/li>\n<li><a href=\"http:\/\/gemeinwohlyoga.de\/wp-content\/uploads\/2024\/04\/Textauszug2.pdf\" target=\"_blank\" rel=\"noopener\">Textauszug &#8211; Im Hinterland von Donostia &#8211; San Sebastian<\/a><\/li>\n<li><a href=\"http:\/\/gemeinwohlyoga.de\/wp-content\/uploads\/2024\/04\/Textauszug3a.pdf\" target=\"_blank\" rel=\"noopener\">Textauszug &#8211; Weiter durchs ungez\u00e4hmte Baskenland (Teil 1)<\/a><\/li>\n<li><a href=\"http:\/\/gemeinwohlyoga.de\/wp-content\/uploads\/2024\/04\/Textauszug3b.pdf\" target=\"_blank\" rel=\"noopener\">Textauszug &#8211; Weiter durchs ungez\u00e4hmte Baskenland (Teil 2)<\/a><\/li>\n<li><a href=\"http:\/\/gemeinwohlyoga.de\/wp-content\/uploads\/2024\/04\/Textauszug3c.pdf\" target=\"_blank\" rel=\"noopener\">Textauszug &#8211; Weiter durchs ungez\u00e4hmte Baskenland (Teil 3)<\/a><\/li>\n<\/ol>\n<\/li>\n<\/ol>\n<h2>Fernsehserien<\/h2>\n<ol>\n<li>Yogaserie im Hessischen Fernsehen vom 14.2. &#8211; 18.2.2001<\/li>\n<li>Yogaserie im Hessischen Fernsehen vom 15.5. &#8211; 19.5.2001<\/li>\n<\/ol>\n<h2>Brosch\u00fcren<\/h2>\n<ul>\n<li>Leitfaden f\u00fcr die Moderation von Yoga-Vorstellstunden (Mitautor, 1997)<\/li>\n<li>Berufsprofil Yogalehrer\/in BDY (Mitautor, 1999)<\/li>\n<li>Yoga in Pr\u00e4vention und Therapie \u2013 eine wissenschaftliche Bestandsaufnahme (Mitarbeit, 2015)<\/li>\n<\/ul>\n<p>n\u00e4here Informationen und Bestellung beim Berufsverband der Yogalehrenden in Deutschland (BDY)<br \/>E-Mail: <strong>info@yoga.de<\/strong><\/p>\n<p>\u00a0<\/p>\n\n\n<p><\/p>\n","protected":false},"excerpt":{"rendered":"<p>\u00a0 Pilgerbriefe Jakobsweg Via Regia 1. Teil: Von G\u00f6rlitz nach Erfurt vom 5.7.- 29.7.2020. 24 Pilgerbriefe w\u00e4hrend der Reise. Jakobsweg Via Regia 2. Teil: Von Erfurt nach Eisenach vom 8.9. &#8211; 22.9.2020.12 Pilgerbriefe w\u00e4hrend der Reise. Jakobsweg Camino Catalan\/Spanien: Von Barcelona nach Zaragoza vom 6.4. &#8211; 5.5.2023.24 Pilgerbriefe w\u00e4hrend der&hellip; <\/p>\n","protected":false},"author":1,"featured_media":0,"parent":134,"menu_order":2,"comment_status":"closed","ping_status":"closed","template":"","meta":[],"_links":{"self":[{"href":"http:\/\/gemeinwohlyoga.de\/index.php\/wp-json\/wp\/v2\/pages\/141"}],"collection":[{"href":"http:\/\/gemeinwohlyoga.de\/index.php\/wp-json\/wp\/v2\/pages"}],"about":[{"href":"http:\/\/gemeinwohlyoga.de\/index.php\/wp-json\/wp\/v2\/types\/page"}],"author":[{"embeddable":true,"href":"http:\/\/gemeinwohlyoga.de\/index.php\/wp-json\/wp\/v2\/users\/1"}],"replies":[{"embeddable":true,"href":"http:\/\/gemeinwohlyoga.de\/index.php\/wp-json\/wp\/v2\/comments?post=141"}],"version-history":[{"count":20,"href":"http:\/\/gemeinwohlyoga.de\/index.php\/wp-json\/wp\/v2\/pages\/141\/revisions"}],"predecessor-version":[{"id":914,"href":"http:\/\/gemeinwohlyoga.de\/index.php\/wp-json\/wp\/v2\/pages\/141\/revisions\/914"}],"up":[{"embeddable":true,"href":"http:\/\/gemeinwohlyoga.de\/index.php\/wp-json\/wp\/v2\/pages\/134"}],"wp:attachment":[{"href":"http:\/\/gemeinwohlyoga.de\/index.php\/wp-json\/wp\/v2\/media?parent=141"}],"curies":[{"name":"wp","href":"https:\/\/api.w.org\/{rel}","templated":true}]}}

Bücher, Fernsehserien, Broschüren

<p></p>



<p></p>


<h2> </h2>
<h2>Pilgerbriefe</h2>
<ol>
<li>Jakobsweg <strong>Via Regi</strong>a <strong>1. Teil</strong>: Von Görlitz nach Erfurt vom 5.7.- 29.7.2020. <br />24 Pilgerbriefe während der Reise.</li>
<li>Jakobsweg <strong>Via Regia 2. Teil</strong>: Von Erfurt nach Eisenach vom 8.9. &#8211; 22.9.2020.<br />12 Pilgerbriefe während der Reise.</li>
<li>Jakobsweg <strong>Camino Catalan/Spanien</strong>: Von Barcelona nach Zaragoza vom 6.4. &#8211; 5.5.2023.<br />24 Pilgerbriefe während der Reise.</li>
<li>Jakobsweg <strong>Via Podiensis/Frankreich 1.Teil</strong>: von Le Puy-en-Velay nach Miossac vom 29.8. &#8211; 2.10.2023.<br />Pilgernachlese in fünf Teilen.</li>
</ol>
<h2>Bücher</h2>
<ol>
<li>Auf dem Jakobsweg &#8211; Eine Pilgerreise in die Zukunft, Selbstverlag, 2020<br />(vom 13.6.2019 &#8211; 22.7.2019 : Bayonne &#8211; Santiago de Compostella &#8211; Muxia)<br />Das Buch ist für 14.80 Euro erhältlich bei: Gemeinwohlverlag Ulrich Fritsch, <a href="mailto:ulrich.fritsch@gmx.de">ulrich.fritsch@gmx.de</a>.
<ol>
<li><a href="http://gemeinwohlyoga.de/wp-content/uploads/2024/04/Textauszug1.pdf" target="_blank" rel="noopener">Textauszug &#8211; Durchs ungezähmte Baskenland</a></li>
<li><a href="http://gemeinwohlyoga.de/wp-content/uploads/2024/04/Textauszug2.pdf" target="_blank" rel="noopener">Textauszug &#8211; Im Hinterland von Donostia &#8211; San Sebastian</a></li>
<li><a href="http://gemeinwohlyoga.de/wp-content/uploads/2024/04/Textauszug3a.pdf" target="_blank" rel="noopener">Textauszug &#8211; Weiter durchs ungezähmte Baskenland (Teil 1)</a></li>
<li><a href="http://gemeinwohlyoga.de/wp-content/uploads/2024/04/Textauszug3b.pdf" target="_blank" rel="noopener">Textauszug &#8211; Weiter durchs ungezähmte Baskenland (Teil 2)</a></li>
<li><a href="http://gemeinwohlyoga.de/wp-content/uploads/2024/04/Textauszug3c.pdf" target="_blank" rel="noopener">Textauszug &#8211; Weiter durchs ungezähmte Baskenland (Teil 3)</a></li>
</ol>
</li>
</ol>
<h2>Fernsehserien</h2>
<ol>
<li>Yogaserie im Hessischen Fernsehen vom 14.2. &#8211; 18.2.2001</li>
<li>Yogaserie im Hessischen Fernsehen vom 15.5. &#8211; 19.5.2001</li>
</ol>
<h2>Broschüren</h2>
<ul>
<li>Leitfaden für die Moderation von Yoga-Vorstellstunden (Mitautor, 1997)</li>
<li>Berufsprofil Yogalehrer/in BDY (Mitautor, 1999)</li>
<li>Yoga in Prävention und Therapie – eine wissenschaftliche Bestandsaufnahme (Mitarbeit, 2015)</li>
</ul>
<p>nähere Informationen und Bestellung beim Berufsverband der Yogalehrenden in Deutschland (BDY)<br />E-Mail: <strong>info@yoga.de</strong></p>
<p> </p>


<p></p>

<p>  Pilgerbriefe Jakobsweg Via Regia 1. Teil: Von Görlitz nach Erfurt vom 5.7.- 29.7.2020. 24 Pilgerbriefe während der Reise. Jakobsweg Via Regia 2. Teil: Von Erfurt nach Eisenach vom 8.9. &#8211; 22.9.2020.12 Pilgerbriefe während der Reise. Jakobsweg Camino Catalan/Spanien: Von Barcelona nach Zaragoza vom 6.4. &#8211; 5.5.2023.24 Pilgerbriefe während der&hellip; </p>
