{"id":130,"date":"2016-05-07T22:08:32","date_gmt":"2016-05-07T20:08:32","guid":{"rendered":"http:\/\/gemeinwohlyoga.de\/?page_id=130"},"modified":"2017-08-03T13:24:55","modified_gmt":"2017-08-03T11:24:55","slug":"unterrichtsmethode","status":"publish","type":"page","link":"http:\/\/gemeinwohlyoga.de\/index.php\/ueber-mich\/unterrichtsmethode\/","title":{"rendered":"Unterrichtsmethode"},"content":{"rendered":"<h2>Ziele des Yoga<\/h2>\n<p>Yoga ist ein alter \u00dcbungsweg f\u00fcr k\u00f6rperliches und geistiges Wohlbefinden. Viele Menschen \u00fcben Yoga, um ihre R\u00fcckenschmerzen zu lindern, Stress abzubauen Haltungssch\u00e4den zu korrigieren oder um den Kontakt zu sich selbst wieder herzustellen und um mehr Klarheit und Orientierung zu finden.<\/p>\n<p>Yoga f\u00fchrt zur R\u00fcckgewinnung des inneren und \u00e4u\u00dferen Gleichgewichts und zu einem achtsameren und liebevolleren Umgang mit sich und mit der Umwelt. Dieser Entwicklungsproze\u00df wird mit Hilfe von K\u00f6rper\u00fcbungen, Atem\u00fcbungen und Meditations\u00fcbungen gef\u00f6rdert.<\/p>\n<p>&nbsp;<\/p>\n<p>Es ist mir ein Herzensanliegen, die mystisch-spirituelle Tiefendimension des Yoga anhand von K\u00f6rper\u00fcbungen, Atem\u00fcbungen und Meditations\u00fcbungen erfahrbar zu machen.<\/p>\n<h2>\u00dcber meinen Unterricht<\/h2>\n<p>Das charakteristische meiner Yogatradition ist der individuelle Ansatz: die Yoga\u00fcbungen werden an die M\u00f6glichkeiten des Einzelnen angepa\u00dft und schrittweise aufgebaut, so da\u00df sie jeder ausf\u00fchren kann.<\/p>\n<p>Die Yoga\u00fcbungen sind jedoch nicht Selbstzweck, sondern dienen als Werkzeug, um k\u00f6rperliche und geistige Beschwerden zu lindern und um die im Menschen angelegten F\u00e4higkeiten zu entfalten. Zur F\u00f6rderung dieses Prozesses wird es in meinem Unterricht immer wieder M\u00f6glichkeiten des Austauschs und der Reflexion geben.<\/p>\n<h2>Austausch und Reflexion geben<\/h2>\n<p>Mit meinem Yoga-Unterricht m\u00f6chte ich besonders Menschen ansprechen, die im Yoga mehr suchen als gute Gymnastik. Ich biete einen Fundus an K\u00f6rperhaltungen und -bewegungen aus dem Viniyoga an, mit deren Hilfe viele Menschen nicht nur erfolgreich k\u00f6rperliche Beschwerden lindern und Stress abbauen, sondern dar\u00fcber hinaus ihre reiche Innenwelt entdecken und Zugang zu ihren inneren Kraftquellen herstellen. Der K\u00f6rper wird als Erfahrungsfeld genutzt, um die eigenen Ressourcen und F\u00e4higkeit zu entwickeln. In meine Arbeit flie\u00dft meine langj\u00e4hrige Auseinandersetzung mit dem Tibetischen Buddhismus ein, den ich mit Yoga-\u00dcbungen kombiniere. Ich biete einf\u00fchrende Meditationstechniken an, die dabei helfen k\u00f6nnen, die Gedanken zu kl\u00e4ren, um ruhiger und gelassener zu werden. Immer mehr Menschen erleben dadurch ihren Alltag achtsamer und empfinden dies als eine Steigerung ihrer Lebensqualit\u00e4t.&#8220;<\/p>\n<h2>Meine Yoga-Tradition<\/h2>\n<p>Der \u00dcbungsweg des Yoga verlangt eigenes Tun und ein Ernstnehmen eigenen Erfahrens. In seiner \u00fcber 2000-j\u00e4hrigen Geschichte entstand ein System verschiedener Yoga-Techniken, das im Wesentlichen aus K\u00f6rper\u00fcbungen, Atem\u00fcbungen und \u00dcbungen zur Konzentration, Reflexion und Meditation besteht. Mein Unterricht folgt einer gro\u00dfen alten Tradition der Yoga. Yoga wird hier verstanden als ein offener Weg zu mehr Gesundheit und innerem Frieden, frei von religi\u00f6sen Dogmen, transparent und hinterfragbar.<br \/>\nIm \u00dcben erkennen Sie diese Tradition daran,<\/p>\n<ul>\n<li>dass es nicht darum geht, sich in m\u00f6glichst schwierige Formen zu pressen, sondern mit einfachen Mitteln gesund und wirksam zu \u00fcben;<\/li>\n<li>dass die \u00dcbungen an die jeweiligen M\u00f6glichkeiten des Menschen angepasst werden;<\/li>\n<li>dass viele der K\u00f6rper\u00fcbungen als mit dem Atem verbundene Bewegung, also dynamisch gelehrt werden;<\/li>\n<li>dass jede \u00dcbungsabfolge einem sinnvollen und schrittweisen Aufbau folgt;<\/li>\n<li>dass alle Fragen willkommen sind.<\/li>\n<\/ul>\n<p>Dieses Yogaverst\u00e4ndnis nennt man heute &#8222;Viniyoga&#8220;.<\/p>\n","protected":false},"excerpt":{"rendered":"<p>Ziele des Yoga Yoga ist ein alter \u00dcbungsweg f\u00fcr k\u00f6rperliches und geistiges Wohlbefinden. Viele Menschen \u00fcben Yoga, um ihre R\u00fcckenschmerzen zu lindern, Stress abzubauen Haltungssch\u00e4den zu korrigieren oder um den Kontakt zu sich selbst wieder herzustellen und um mehr Klarheit und Orientierung zu finden. Yoga f\u00fchrt zur R\u00fcckgewinnung des inneren&hellip; <\/p>\n","protected":false},"author":1,"featured_media":0,"parent":27,"menu_order":1,"comment_status":"closed","ping_status":"closed","template":"","meta":[],"_links":{"self":[{"href":"http:\/\/gemeinwohlyoga.de\/index.php\/wp-json\/wp\/v2\/pages\/130"}],"collection":[{"href":"http:\/\/gemeinwohlyoga.de\/index.php\/wp-json\/wp\/v2\/pages"}],"about":[{"href":"http:\/\/gemeinwohlyoga.de\/index.php\/wp-json\/wp\/v2\/types\/page"}],"author":[{"embeddable":true,"href":"http:\/\/gemeinwohlyoga.de\/index.php\/wp-json\/wp\/v2\/users\/1"}],"replies":[{"embeddable":true,"href":"http:\/\/gemeinwohlyoga.de\/index.php\/wp-json\/wp\/v2\/comments?post=130"}],"version-history":[{"count":4,"href":"http:\/\/gemeinwohlyoga.de\/index.php\/wp-json\/wp\/v2\/pages\/130\/revisions"}],"predecessor-version":[{"id":238,"href":"http:\/\/gemeinwohlyoga.de\/index.php\/wp-json\/wp\/v2\/pages\/130\/revisions\/238"}],"up":[{"embeddable":true,"href":"http:\/\/gemeinwohlyoga.de\/index.php\/wp-json\/wp\/v2\/pages\/27"}],"wp:attachment":[{"href":"http:\/\/gemeinwohlyoga.de\/index.php\/wp-json\/wp\/v2\/media?parent=130"}],"curies":[{"name":"wp","href":"https:\/\/api.w.org\/{rel}","templated":true}]}}