{"id":123,"date":"2016-05-07T22:01:08","date_gmt":"2016-05-07T20:01:08","guid":{"rendered":"http:\/\/gemeinwohlyoga.de\/?page_id=123"},"modified":"2025-09-15T20:28:21","modified_gmt":"2025-09-15T18:28:21","slug":"artikel","status":"publish","type":"page","link":"http:\/\/gemeinwohlyoga.de\/index.php\/gemeinwohlyoga\/artikel\/","title":{"rendered":"Artikel"},"content":{"rendered":"<ul>\n<li>weitere Artikel seit 2014 in: Rubrik: Ver\u00f6ffentlichungen, Unterrubrik: Artikel<\/li>\n<li><strong>&#8222;<a href=\"http:\/\/gemeinwohlyoga.de\/wp-content\/uploads\/2016\/05\/Gemeinwohloekonomie.pdf\" target=\"_blank\" rel=\"noopener\">Gemeinwohl\u00f6konomie &#8211; ein Aufruf zur Zusammenarbeit im Yoga-Bereich<\/a>&#8222;<\/strong><br \/>\n<em>(ver\u00f6ffentlicht im DYF 6\/2014)<\/em><\/li>\n<\/ul>\n<blockquote><p>Ein Verhalten, das sich am Wohl aller Menschen und der Natur orientieren m\u00f6chte, findet heute wertvolle Anregungen bei einem Modell, das &#8218;Gemeinwohl\u00f6konomie&#8216; genannt wird. Hier findet man zahlreiche konkrete Hilfestellungen, wie ein am Gemeinwohl orientiertes Handeln konkret im Alltag und im Rahmen des eigenen unternehmerischen Verhaltens aussehen kann. In meinem Artikel &#8218;Gemeinwohl\u00f6konomie als Beitrag gelebter Spiritualit\u00e4t&#8216; habe ich Eckpunkte dieses alternativen Wirtschaftsmodels vorgestellt und sie in Beziehung zu meinem Yoga-Unternehmen gesetzt (1). Gemeinwohl\u00f6konomie ist <b>ein Beitrag f\u00fcr eine nachhaltige demokratische Gesellschaft<\/b> und eine gro\u00dfe Chance zur Bew\u00e4ltigung von Herausforderungen im Yoga-Bereich. <a href=\"http:\/\/gemeinwohlyoga.de\/wp-content\/uploads\/2016\/05\/Gemeinwohloekonomie.pdf\" target=\"_blank\" rel=\"noopener\">mehr &#8230;<\/a><\/p><\/blockquote>\n<ul>\n<li><strong>&#8222;<a href=\"http:\/\/gemeinwohlyoga.de\/wp-content\/uploads\/2016\/05\/GemeinwohloekonomieSpiritualitaet.pdf\" target=\"_blank\" rel=\"noopener\">Gemeinwohl\u00f6konomie als Beitrag gelebter Spiritualit\u00e4t<\/a>&#8222;<\/strong><br \/>\n<em>(ver\u00f6ffentlicht im DYF 5\/2014)<\/em><\/li>\n<\/ul>\n<blockquote><p>Immer mehr Menschen wird klar, dass die Art, wie wir leben und wirtschaften, unsere gesamte Existenz gef\u00e4hrdet. Sie (ver-)zweifeln an ihrer Arbeit, die ihnen zunehmend sinnlos und sogar sch\u00e4dlich erscheint und sie au\u00dferdem durch Stress und \u00dcberlastung an den Rand des Zusammenbruchs f\u00fchrt. Auf der Suche nach Ver\u00e4nderung entdecken sie gesellschaftliche Alternativen. <a href=\"http:\/\/gemeinwohlyoga.de\/wp-content\/uploads\/2016\/05\/GemeinwohloekonomieSpiritualitaet.pdf\" target=\"_blank\" rel=\"noopener\">mehr &#8230;<\/a><\/p><\/blockquote>\n","protected":false},"excerpt":{"rendered":"<p>weitere Artikel seit 2014 in: Rubrik: Ver\u00f6ffentlichungen, Unterrubrik: Artikel &#8222;Gemeinwohl\u00f6konomie &#8211; ein Aufruf zur Zusammenarbeit im Yoga-Bereich&#8222; (ver\u00f6ffentlicht im DYF 6\/2014) Ein Verhalten, das sich am Wohl aller Menschen und der Natur orientieren m\u00f6chte, findet heute wertvolle Anregungen bei einem Modell, das &#8218;Gemeinwohl\u00f6konomie&#8216; genannt wird. Hier findet man zahlreiche konkrete&hellip; <\/p>\n","protected":false},"author":1,"featured_media":0,"parent":24,"menu_order":7,"comment_status":"closed","ping_status":"closed","template":"","meta":[],"_links":{"self":[{"href":"http:\/\/gemeinwohlyoga.de\/index.php\/wp-json\/wp\/v2\/pages\/123"}],"collection":[{"href":"http:\/\/gemeinwohlyoga.de\/index.php\/wp-json\/wp\/v2\/pages"}],"about":[{"href":"http:\/\/gemeinwohlyoga.de\/index.php\/wp-json\/wp\/v2\/types\/page"}],"author":[{"embeddable":true,"href":"http:\/\/gemeinwohlyoga.de\/index.php\/wp-json\/wp\/v2\/users\/1"}],"replies":[{"embeddable":true,"href":"http:\/\/gemeinwohlyoga.de\/index.php\/wp-json\/wp\/v2\/comments?post=123"}],"version-history":[{"count":11,"href":"http:\/\/gemeinwohlyoga.de\/index.php\/wp-json\/wp\/v2\/pages\/123\/revisions"}],"predecessor-version":[{"id":957,"href":"http:\/\/gemeinwohlyoga.de\/index.php\/wp-json\/wp\/v2\/pages\/123\/revisions\/957"}],"up":[{"embeddable":true,"href":"http:\/\/gemeinwohlyoga.de\/index.php\/wp-json\/wp\/v2\/pages\/24"}],"wp:attachment":[{"href":"http:\/\/gemeinwohlyoga.de\/index.php\/wp-json\/wp\/v2\/media?parent=123"}],"curies":[{"name":"wp","href":"https:\/\/api.w.org\/{rel}","templated":true}]}}