{"id":112,"date":"2016-05-07T21:30:22","date_gmt":"2016-05-07T19:30:22","guid":{"rendered":"http:\/\/gemeinwohlyoga.de\/?page_id=112"},"modified":"2025-09-15T19:00:31","modified_gmt":"2025-09-15T17:00:31","slug":"fortlaufende-kurse","status":"publish","type":"page","link":"http:\/\/gemeinwohlyoga.de\/index.php\/gemeinwohlyoga\/fortlaufende-kurse\/","title":{"rendered":"Fortlaufende Kurse"},"content":{"rendered":"<h2>Yoga-Kurse in Lich 2025 und 2026<\/h2>\n<ul>\n<li>Kursbeginn des Montagskurses:\u00a0<strong> 13.10.2025 und 2.2.2026<\/strong><\/li>\n<li>Kursbeginn des Mittwochkurses: <strong>15.10.2025 und 4.2.2026<\/strong><\/li>\n<\/ul>\n<p>Kurs 1: Montag \u00a0\u00a0 \u00a0 \u00a0 18.00 &#8211; 19.30 \u00a0\u00a0 DGH Birklar, Mittelstr. 24, 35423 Lich-OT Birklar<br \/>\nKurs 2: Mittwoch \u00a0\u00a0\u00a0 18.00 &#8211; 19.30 \u00a0\u00a0\u00a0 DHG Birklar, Mittelstr. 24, 35423 Lich OT-Birklar<\/p>\n<p align=\"left\">\u201eYoga \u2013 ein Weg vom Ich zum Du zum Wir\u201c lautet das \u00fcbergeordnete Thema dieser Kurse. Jeder einzelne Mensch entwickelt sich nur durch das Du, durch die anderen Menschen seines sozialen Umfeldes. Das trifft sowohl auf die Entwicklung des K\u00f6rpers, wie auch auf die Entwicklung des Geistes zu. Dar\u00fcber hinaus sind wir Menschen eingebettet in eine F\u00fclle von Wechselwirkungen mit zahlreichen anderen Lebewesen, von denen wir abh\u00e4ngig sind. Sie stellen Luft zum Atmen und Nahrung zum Essen bereit. Sie brauchen uns nicht &#8211; aber wir brauchen sie. Sie sind das Wir, das wir in Bescheidenheit zu entdecken haben. Auf welche Weise Yoga dazu einen Beitrag leisten kann, m\u00f6chte ich mit Euch ausloten.<\/p>\n<p align=\"left\">\n<p>Der Montagskurs umfasst 10 Termine und kostet 135.- \u20ac.<\/p>\n<p>Der Mittwochskurs umfasst 10 Termine und kostet 135.-\u20ac .<\/p>\n<p>Mindestteilnehmerzahl: 8 Personen<\/p>\n<p>Meine Kurse sind von der Zentralen Pr\u00fcfstelle f\u00fcr Pr\u00e4vention (ZPP) zertifiziert. Damit sind sie bezuschussungsf\u00e4hig. Die gesetzlichen Krankenkassen zwischen 75.00 Euro und 120.00 Euro pro Kurs.<\/p>\n<p class=\"western\" align=\"left\">Der Raum ist 8 x 16 m=128 qm gro\u00df, kann gut bel\u00fcftet werden und erm\u00f6glicht einen gen\u00fcgend gro\u00dfen Abstand f\u00fcr jede teilnehmende Person. Auch wenn keine Corona-Ma\u00dfnahmen mehr gesetzlich vorgeschrieben sind, werde ich immer wieder w\u00e4hrend des Unterrichts l\u00fcften. Bitte bringen Sie ausreichend warme Kleidung, eine warme Decke, eine eigene Yogamatte und ein eigenes Sitzh\u00f6rnchen mit (ggf. kann auch die eigene Isomatte zu einer Sitzunterst\u00fctzung gerollt werden). Au\u00dferdem\u00a0 bitte ich darum, dass vor jedem Unterrichtstermin ein Selbsttest eigenverantwortlich durch gef\u00fchrt wird.<\/p>\n<p class=\"western\" align=\"left\">Das DGH inBirklar ist sehr gut an das Radwegenetz der Stadt Lich angeschlossen, sodass man mit dem Fahrrad von Lich, Langsdorf , Bettenhausen oder Muschenheim kommend keine Autostra\u00dfe befahren muss. Vor dem Haus sind Parkpl\u00e4tze f\u00fcr Fahrr\u00e4der und Autos vorhanden.<\/p>\n<p>Die Kursgeb\u00fchr wird vor Kursbeginn f\u00e4llig, erst dann ist der Platz verbindlich reserviert.<br \/>\nEine Probestunde ist kostenlos, bitte Termin ausmachen.<\/p>\n<p>Falls Sie an einem Termin verhindert sind, k\u00f6nnen Sie die Stunde w\u00e4hrend der Kursdauer in\u00a0 dem anderen Kurs nachholen, falls der Kurs stattfindet. Da die Teilnehmerzahl begrenzt ist (14 Personen) und bereits viele Pl\u00e4tze vorgemerkt sind, bitte ich um rechtzeitige Anmeldung.<\/p>\n<p>Es ist mir ein Herzensanliegen, die\u00a0 Tiefendimension des Yoga anhand von K\u00f6rper\u00fcbungen, Atem\u00fcbungen und Meditations\u00fcbungen erfahrbar zu machen. Damit m\u00f6chte ich deutlich machen, welchen zentralen Beitrag die von mir vermittelte Art des Yoga-\u00dcbens f\u00fcr einen gelingenden\u00a0 gesellschaftlichen Wandel zu einer solidarischen und nachhaltig lebenden Gesellschaft leisten kann.<\/p>\n<p>Anmeldung unter ulrich1.fritsch@posteo.de<\/p>\n","protected":false},"excerpt":{"rendered":"<p>Yoga-Kurse in Lich 2025 und 2026 Kursbeginn des Montagskurses:\u00a0 13.10.2025 und 2.2.2026 Kursbeginn des Mittwochkurses: 15.10.2025 und 4.2.2026 Kurs 1: Montag \u00a0\u00a0 \u00a0 \u00a0 18.00 &#8211; 19.30 \u00a0\u00a0 DGH Birklar, Mittelstr. 24, 35423 Lich-OT Birklar Kurs 2: Mittwoch \u00a0\u00a0\u00a0 18.00 &#8211; 19.30 \u00a0\u00a0\u00a0 DHG Birklar, Mittelstr. 24, 35423 Lich OT-Birklar&hellip; <\/p>\n","protected":false},"author":1,"featured_media":0,"parent":24,"menu_order":0,"comment_status":"closed","ping_status":"closed","template":"","meta":[],"_links":{"self":[{"href":"http:\/\/gemeinwohlyoga.de\/index.php\/wp-json\/wp\/v2\/pages\/112"}],"collection":[{"href":"http:\/\/gemeinwohlyoga.de\/index.php\/wp-json\/wp\/v2\/pages"}],"about":[{"href":"http:\/\/gemeinwohlyoga.de\/index.php\/wp-json\/wp\/v2\/types\/page"}],"author":[{"embeddable":true,"href":"http:\/\/gemeinwohlyoga.de\/index.php\/wp-json\/wp\/v2\/users\/1"}],"replies":[{"embeddable":true,"href":"http:\/\/gemeinwohlyoga.de\/index.php\/wp-json\/wp\/v2\/comments?post=112"}],"version-history":[{"count":23,"href":"http:\/\/gemeinwohlyoga.de\/index.php\/wp-json\/wp\/v2\/pages\/112\/revisions"}],"predecessor-version":[{"id":932,"href":"http:\/\/gemeinwohlyoga.de\/index.php\/wp-json\/wp\/v2\/pages\/112\/revisions\/932"}],"up":[{"embeddable":true,"href":"http:\/\/gemeinwohlyoga.de\/index.php\/wp-json\/wp\/v2\/pages\/24"}],"wp:attachment":[{"href":"http:\/\/gemeinwohlyoga.de\/index.php\/wp-json\/wp\/v2\/media?parent=112"}],"curies":[{"name":"wp","href":"https:\/\/api.w.org\/{rel}","templated":true}]}}

<h2>Yoga-Kurse in Lich 2025 und 2026</h2>
<ul>
<li>Kursbeginn des Montagskurses: <strong> 13.10.2025 und 2.2.2026</strong></li>
<li>Kursbeginn des Mittwochkurses: <strong>15.10.2025 und 4.2.2026</strong></li>
</ul>
<p>Kurs 1: Montag        18.00 &#8211; 19.30    DGH Birklar, Mittelstr. 24, 35423 Lich-OT Birklar<br />
Kurs 2: Mittwoch     18.00 &#8211; 19.30     DHG Birklar, Mittelstr. 24, 35423 Lich OT-Birklar</p>
<p align="left">„Yoga – ein Weg vom Ich zum Du zum Wir“ lautet das übergeordnete Thema dieser Kurse. Jeder einzelne Mensch entwickelt sich nur durch das Du, durch die anderen Menschen seines sozialen Umfeldes. Das trifft sowohl auf die Entwicklung des Körpers, wie auch auf die Entwicklung des Geistes zu. Darüber hinaus sind wir Menschen eingebettet in eine Fülle von Wechselwirkungen mit zahlreichen anderen Lebewesen, von denen wir abhängig sind. Sie stellen Luft zum Atmen und Nahrung zum Essen bereit. Sie brauchen uns nicht &#8211; aber wir brauchen sie. Sie sind das Wir, das wir in Bescheidenheit zu entdecken haben. Auf welche Weise Yoga dazu einen Beitrag leisten kann, möchte ich mit Euch ausloten.</p>
<p align="left">
<p>Der Montagskurs umfasst 10 Termine und kostet 135.- €.</p>
<p>Der Mittwochskurs umfasst 10 Termine und kostet 135.-€ .</p>
<p>Mindestteilnehmerzahl: 8 Personen</p>
<p>Meine Kurse sind von der Zentralen Prüfstelle für Prävention (ZPP) zertifiziert. Damit sind sie bezuschussungsfähig. Die gesetzlichen Krankenkassen zwischen 75.00 Euro und 120.00 Euro pro Kurs.</p>
<p class="western" align="left">Der Raum ist 8 x 16 m=128 qm groß, kann gut belüftet werden und ermöglicht einen genügend großen Abstand für jede teilnehmende Person. Auch wenn keine Corona-Maßnahmen mehr gesetzlich vorgeschrieben sind, werde ich immer wieder während des Unterrichts lüften. Bitte bringen Sie ausreichend warme Kleidung, eine warme Decke, eine eigene Yogamatte und ein eigenes Sitzhörnchen mit (ggf. kann auch die eigene Isomatte zu einer Sitzunterstützung gerollt werden). Außerdem  bitte ich darum, dass vor jedem Unterrichtstermin ein Selbsttest eigenverantwortlich durch geführt wird.</p>
<p class="western" align="left">Das DGH inBirklar ist sehr gut an das Radwegenetz der Stadt Lich angeschlossen, sodass man mit dem Fahrrad von Lich, Langsdorf , Bettenhausen oder Muschenheim kommend keine Autostraße befahren muss. Vor dem Haus sind Parkplätze für Fahrräder und Autos vorhanden.</p>
<p>Die Kursgebühr wird vor Kursbeginn fällig, erst dann ist der Platz verbindlich reserviert.<br />
Eine Probestunde ist kostenlos, bitte Termin ausmachen.</p>
<p>Falls Sie an einem Termin verhindert sind, können Sie die Stunde während der Kursdauer in  dem anderen Kurs nachholen, falls der Kurs stattfindet. Da die Teilnehmerzahl begrenzt ist (14 Personen) und bereits viele Plätze vorgemerkt sind, bitte ich um rechtzeitige Anmeldung.</p>
<p>Es ist mir ein Herzensanliegen, die  Tiefendimension des Yoga anhand von Körperübungen, Atemübungen und Meditationsübungen erfahrbar zu machen. Damit möchte ich deutlich machen, welchen zentralen Beitrag die von mir vermittelte Art des Yoga-Übens für einen gelingenden  gesellschaftlichen Wandel zu einer solidarischen und nachhaltig lebenden Gesellschaft leisten kann.</p>
<p>Anmeldung unter ulrich1.fritsch@posteo.de</p>
